-4*d + k*x + x + 3. Suppose -d*z - 8 = -5*z. What are the prime factors of z?
2
Let y(k) = k**2 + 11*k + 13. Let h be y(-10). Suppose 5 = h*c - 67. Suppose 3*q - c = -q. List the prime factors of q.
2, 3
What are the prime factors of (-1 - -3) + 4 - -180?
2, 3, 31
What are the prime factors of 18105*7/189 - 4/(-9)?
11, 61
Let m be 2/(-4)*34/(-1). Suppose 17*k = 23*k - 270. Suppose 4*g + m = k. List the prime factors of g.
7
Suppose -2*o - 99 = -35*o. Let x = 3 + 1. Suppose -o*a = x*h - 108 - 3, 3*a - h = 111. List the prime factors of a.
37
Let a = 74 - 64. Suppose 16*p = a*p + 228. List the prime factors of p.
2, 19
Let z = 10 + 85. Suppose -52*n + 57*n - 20 = 0. Suppose n*a = -35 + z. List the prime factors of a.
3, 5
Let s = -143 + -189. What are the prime factors of (s/16)/((-1)/4) - 0?
83
Let y(o) be the first derivative of -o**2/2 + 18*o - 10. What are the prime factors of y(8)?
2, 5
Suppose 67974 - 14924 = 25*i. List the prime factors of i.
2, 1061
Let m(d) = 84*d**3 + d**2 - 2*d. Let j be 2 + 2 + 1 - 3. Let o be m(j). List the prime factors of o/20 + (-6)/(-15).
2, 17
Suppose -10*n + 104 = -36. What are the prime factors of n?
2, 7
Suppose -2*v - v + 3*i - 39 = 0, 2*v = 3*i - 29. Let n = v - -9. List the prime factors of n - (-3 + (4 - 49)).
47
Let p(z) = -z + 4. Let v(r) = 6*r - 21. Let x(u) = -11*p(u) - 2*v(u). What are the prime factors of x(-14)?
2, 3
Suppose -20 = 4*h - 2*h. Let s be 9/4 + h/40. List the prime factors of 142/6 + s/6.
2, 3
What are the prime factors of 1/((21/306)/7) - 2?
2, 5
Suppose 0 = 2*b - 5*b, 0 = -4*p + b + 32. Suppose -p*r = -13*r + 70. List the prime factors of r.
2, 7
Let u(p) = -387*p + 13. List the prime factors of u(-1).
2, 5
Let j(y) = -22*y + 6. Let i be j(4). Let x = i - -127. Suppose x = 2*g + g. What are the prime factors of g?
3, 5
Let u be 6/(-9) + (-265)/3. Let k = u - -181. List the prime factors of k.
2, 23
Suppose 6 = k - 14. Suppose -5*b - 2*z = 3*z - k, 4*b - 36 = z. Suppose u - b = 4. What are the prime factors of u?
2, 3
Let y(b) = -b**3 + 4*b**2 - 5*b + 9. Let m be y(3). Suppose 2*z = -m*o + 108, 0*o - o = -4*z + 230. What are the prime factors of z?
3, 19
Suppose 16 = n + p, 8 = n - p - 6. Let v(c) = -c**2 - 17*c - 73. Let w be v(-8). Let u = n - w. List the prime factors of u.
2
Let g = -179 + 2202. List the prime factors of g.
7, 17
Let d = -93 - -177. Suppose j + 4*j - d = -t, 4*j = -3*t + 76. What are the prime factors of (12/8)/(3/j)?
2
Let p = 51 - 47. Suppose 5*f = w + 94, p*f = 2*f + w + 40. List the prime factors of f.
2, 3
Let d(r) = r**3 + 12*r**2 - 14*r + 1. Let m(s) = 3*s + 20. Let b be m(-11). List the prime factors of d(b).
2, 7
Suppose 0 = 3*t + 4*p - 0*p - 23, -5*p = 3*t - 25. Suppose 57 = y - m, -2*y - 2*y - t*m = -237. List the prime factors of y.
2, 29
Suppose 6 = -3*u, 3*v - 2048 = -5*u + 3*u. Suppose -37*i = -31*i - v. List the prime factors of i.
2, 3, 19
Let d(x) be the first derivative of x**2/2 + 11*x - 1. Let u be d(-9). Suppose o + u*o = 120. List the prime factors of o.
2, 5
Suppose -3*c + 12 = 3. Suppose 0 = -c*r + 4*r - 3. Suppose 0 = 4*n - 19 + r. What are the prime factors of n?
2
Suppose 16*r = 510 + 1042. What are the prime factors of r?
97
Suppose 2*r = -0*r - 4*d + 326, -12 = 3*d. List the prime factors of r.
3, 19
Let q be (-40)/50*(-2 - (-98)/4). Let t = q - -98. List the prime factors of t.
2, 5
Let s be 3 - ((-2698)/8 + 4/16). Suppose s = 9*p - 4*p. List the prime factors of p.
2, 17
Let b be (-3)/6*-2*-136. Let v be (-2 - 3/(-2))*b. Let z = -42 + v. List the prime factors of z.
2, 13
List the prime factors of (-13410)/(-11) + (-4)/44.
23, 53
Let s = -22 - -31. Suppose 12*h = s*h - 6. Let j = h - -43. What are the prime factors of j?
41
Let r(u) = 5*u**2 + 6*u - 6. Let m be r(3). Suppose 0 = c + 3*k - m, -5*k + 146 = 3*c - k. What are the prime factors of c?
2, 3, 7
Let s(x) = -51*x + 176. What are the prime factors of s(-22)?
2, 11, 59
Suppose -247*b = -242*b - 9090. What are the prime factors of b?
2, 3, 101
Suppose -3*s = 2*s. Suppose -5*w - 45 = -s. Let b = 13 + w. List the prime factors of b.
2
What are the prime factors of 1242 - (4/(-14) + (-55)/77)?
11, 113
Let m(v) = 2*v**2 + 4*v + 4. Let f be m(-2). Suppose f = c, -3*s - 8 = -4*s - c. List the prime factors of s.
2
Let v = -194 - -64. Let r be v/6*(-12 + 6). Suppose 2*m = -2*m + 2*a + 86, r = 5*m + 5*a. What are the prime factors of m?
23
Suppose 6*d - 24 = -0*d. Let b be d*((2 - 21) + 2). Let f = -41 - b. List the prime factors of f.
3
Suppose -31*c + 5*n = -35*c + 21565, 3*n + 16167 = 3*c. List the prime factors of c.
2, 5, 7, 11
What are the prime factors of 254 + -6*4/8*-1?
257
Let u be 10 - (4/1)/4. Let z be 6/u + 7/3. Suppose -z*l - 2*l = -75. List the prime factors of l.
3, 5
Let d be (336/(-15))/(-4) - (-6)/(-10). What are the prime factors of 2 + (d - (-218 - -5))?
2, 5, 11
Let n(i) = 8*i - 9. Let q be n(12). Suppose -5*l = -2*l + 3*j + q, -j = 3*l + 79. What are the prime factors of l/(-5)*(-47)/(-5)?
47
Let k(r) be the second derivative of r**5/20 + 5*r**4/12 - 17*r**3/6 + 10*r. What are the prime factors of k(-7)?
3, 7
Let a = -54 + 113. List the prime factors of a - (2 - (0 - -1)).
2, 29
Let s(u) = 14*u**2 + 49*u + 325. What are the prime factors of s(-14)?
2383
Let i(q) = -47*q**3 + 3*q**2 + q. Let g be i(-2). Suppose -3*f + g - 101 = 0. List the prime factors of f.
5, 19
Let o(y) be the second derivative of 7*y**4/12 + 5*y**3/6 + 3*y**2 - 12*y. What are the prime factors of o(-3)?
2, 3
Let f(i) = 9*i**3 + i**2 + 8*i - 13. What are the prime factors of f(3)?
263
Suppose -25*d = -44*d + 4769. List the prime factors of d.
251
Let w(j) = -j**2 + j + 33. Let p(v) = -v**3 - 5*v**2 + 4*v - 8. Let s be p(-6). Suppose 9*o - s*o = 0. List the prime factors of w(o).
3, 11
Suppose 14460 = 32*b - 22*b. List the prime factors of b.
2, 3, 241
Let s(x) = 6*x**2 - 75*x - 45. What are the prime factors of s(18)?
3, 61
Suppose -186*x + 3740 = -176*x. What are the prime factors of x?
2, 11, 17
Suppose -50 = -25*q + 23*q. Suppose -q = -v + 81. List the prime factors of v.
2, 53
Suppose -5*o - 3*u + 6 = -0*u, 2 = -5*o + u. Suppose o = 2*j + j. List the prime factors of (j + 32)*(-14)/(-8).
2, 7
Suppose -4*g = 5*j - 1523, -j - 4*g - 43 = -354. What are the prime factors of j?
3, 101
List the prime factors of ((-103092)/330)/(2/(-10)).
2, 11, 71
Let c be 1*(-55)/(-5)*3. Suppose -42 = -3*v + c. What are the prime factors of v?
5
Let v(r) = -87*r**3 + r - 1. Suppose 0 = 2*x - 7*x + 5. Let t be v(x). List the prime factors of t/(-3) - (-4)/2.
31
Let d = -155 + 153. What are the prime factors of d/10 + (-15674)/(-170)?
2, 23
Let i be (-8)/((2 - 2) + 2). Let m be -65 - (-1 - 8/i). Let h = 106 + m. List the prime factors of h.
2, 5
What are the prime factors of (-6078)/15*-15*2/6?
2, 1013
Let m(d) = -d**3 - 12*d**2 - 12*d + 2. Let o be m(-11). What are the prime factors of (-5156)/(-52) - 2/o?
3, 11
Suppose 4*w = 12, -4*x = -0*x + w - 719. Let c = x - 142. What are the prime factors of c?
37
Let l(h) = -h**2 - h + 48. Let f be l(0). Suppose 1 + 0 = 3*x - 4*a, 21 = 5*x + 3*a. Suppose x*i - 42 = f. What are the prime factors of i?
2, 3, 5
Let p(r) = -r**3 + 2*r - 1. Let l be p(-2). Suppose -1 = -l*h + 8. Suppose -6 - 69 = -h*w. What are the prime factors of w?
5
Let b(j) = -32*j + 4*j**2 + 2*j**2 + j**3 + 30*j - 10. What are the prime factors of b(-4)?
2, 3, 5
Let n(r) = -r**2 - 39*r - 3. What are the prime factors of n(-25)?
347
Let d = 2418 + -3429. Let p = d - -587. List the prime factors of p/(-30) + 8/(-60).
2, 7
Suppose -h = -4*h + 3*c + 6, 3*c + 6 = 0. Suppose -f - 2*f + 45 = h. What are the prime factors of f?
3, 5
Let q(y) be the third derivative of y**4/12 - 5*y**3/6 + 10*y**2. Let m = 20 + -5. List the prime factors of q(m).
5
Let n(r) = 3*r**2 - 5*r. Let t be n(2). Let b = t + 27. List the prime factors of b.
29
Suppose 18*k = 6499 + 1943. List the prime factors of k.
7, 67
Let t be (3 - 2)/1*0. Suppose -3*z - 3*o = -99, t*o - o = -z + 37. List the prime factors of z.
5, 7
What are the prime factors of 2/((18/37377)/1)?
4153
Let s(d) = 2*d + 1. Let n be s(3). Suppose -25 = 2*j - n*j. Suppose -3*c - 9 - 1 = -2*x, x + 9 = j*c. What are the prime factors of x?
11
Suppose 0 = 14*z - 9*z - 